t is -13 - -6 - (-8 - (-2 + -5 + 10))?
4
What is 4 - (-1 - 16) - 6 - 32?
-17
What is 1 + -19 + (399 - 374)?
7
Calculate 7 - (10 + -9 + 11) - (6 + -5).
-6
Calculate -1 + -34 + 2 - 2 - (11486 - 11493).
-28
Calculate -31 + 37 + -5 + (34 - 4).
31
What is the value of -17 + 5 + 25 + -10 - -18?
21
16 - (26 + -19) - 7
2
Evaluate 4 + 5 + -6 + -7 - (-1 + -5).
2
(-11 + -1 - (-1 + 0)) + 2376 + -2367
-2
What is the value of 1 + (10 - 4) - (-40 + 45)?
2
What is the value of (7 - (2 - ((-1 - 1) + 5))) + -26?
-18
Evaluate -10 - -3 - (-20 - 7) - -3.
23
-8 + 3 + (-2 - -2) + -160 + 185
20
What is the value of 8 + -12 + (9 - (-4 - -10))?
-1
What is the value of (-2 - (22 + -8)) + (0 + 2 - -2)?
-12
Calculate 11 + 23 + -74 + 68.
28
What is 9 - (3 + 14) - -7?
-1
What is the value of -14 + -5 + -4 + 40?
17
-17 + (-5 - -1 - -4) - (28 - 36)
-9
Calculate -17 - (-11 - ((3 - 2) + -8)).
-13
7 + 15 + -45 + -2 + 11
-14
Calculate 4 + (3 + -5 - -4 - 2) + -6.
-2
Calculate 3 - ((-1 - 5) + 3).
6
What is the value of (-7 - -1) + (16 - (6 - (-12 - 5)))?
-13
(-18 + 1 - (-8 + 1)) + 14
4
What is the value of 25 + -2 + -39 + (2 + -10 - -3)?
-21
What is -11 - (17 + -55 + -13 - -8)?
32
(-67 - (-22 + -15)) + 31
1
-59 + 65 + 6 + -2 + -4 + 2
8
6 + (5 - 8) + -15 - -2 - 2
-12
What is the value of -1 + 16 - ((7 - -8) + -11)?
11
What is the value of 3 + -3 + -6 + 8 + (5 - -1)?
8
What is -1 + 21 + 180 + -196?
4
What is -9 - (2 + 3 + (-47 - -34))?
-1
What is (-4 + 6 - 0) + (2 + 2 - -5)?
11
Calculate -3 - (-3 - (-13 + 17)).
4
What is 1 + -6 + (-45 - -65) - 3?
12
Evaluate -190 - -172 - (-1 - 9).
-8
(1 - -8) + (-53 - -49) + -8
-3
What is -2 + (6 - -5 - 7) - (3 - -22)?
-23
What is -18 - (12 - 54 - 4)?
28
Calculate 29 - (-2 + (-19 - -41)).
9
What is the value of -3 + (-4 - (8 + -6 + 3))?
-12
What is -16 + (-47 - (-59 + 25))?
-29
Calculate 3 + -7 + 3 + 4 - 6.
-3
Evaluate 146 + -162 + (-5 - (5 - 5)).
-21
Calculate (-19 - -1) + 0 + 4.
-14
Evaluate (-5 - (-10 - (1 + -5))) + 45 + -32.
14
What is the value of -197 + 202 + -1 + -1 + -1?
2
Evaluate (-287 - -311) + (0 - 4) + -2.
18
What is -9 - (0 + 3) - (3 - (3 + -3))?
-15
Evaluate 2 + (32 - 21 - (2 + -13)).
24
What is the value of (-5 - -1) + (-8 - (-28 - -9))?
7
(-2 - 0 - -22) + (355 - 363)
12
What is -4 - (-11 - 2) - (-40 + 46)?
3
What is the value of (3 - 1 - 11) + (-103 - -102)?
-10
Evaluate -5 + 5 + (-10 - -4) - (-2 - -7).
-11
What is 3 + 24 + (-33 - -26 - 0)?
20
8 - (-3 + 6) - -5
10
Evaluate -2 + (1 + (-5 - -13) - 5) + 4.
6
What is 25 + 15 - 32 - 11?
-3
What is the value of -32 - (-1 + -37) - (1 + 4)?
1
What is the value of (39 - 49) + (-1 - -1) + -3 + -7?
-20
What is (4 - (0 - (-4 - (9 - 20)))) + -26?
-15
What is 0 + -1 + (-9 - -4 - (0 + -17))?
11
What is 3 - ((5 - 6) + 10 + 3 + 1)?
-10
Calculate (-4 + 4 - -9 - -2) + -3.
8
Evaluate (9 + -1 - (-11 + -16 + 30)) + -3.
2
What is 14 - ((7 - 41 - -15) + 8)?
25
-12 + -3 + (-7 - (4 + -3 - 5))
-18
What is (59 - 35) + 4 + (-4 - 18)?
6
What is the value of (20 - (-31 + 27 + 2)) + (-1 - 7)?
14
-13 - (21 - (15 - -8))
-11
What is -8 + -20 + 13 + -6 + -1?
-22
-34 - (-96 + 38 + 38)
-14
-7 + 12 + (-9 - 4) + 5
-3
What is the value of -10 + 0 - (-12 + 8 - -12 - 7)?
-11
What is (13 - -5 - 25 - -6) + 31?
30
Calculate -2 - (-11 - -15 - -3).
-9
9 + (5 - (21 - 0)) + 4
-3
What is the value of 12 - (1 + -1 + (-109 - -121))?
0
What is (-1 - 20 - (-161 + 149)) + -17?
-26
What is the value of 72 + (5 - 47) - 27?
3
Evaluate (61 - 56) + 1 + -21.
-15
What is 10 - (17 + -4 - 7 - -11)?
-7
What is the value of -1 - 4 - -32 - (-40 + 53)?
14
What is -1759 + 1783 + -2 + 0 + -3?
19
-4 + 7 - 12 - -5
-4
What is (-19 - -1) + 14 + 6?
2
Calculate 14 + (20 - 36 - (7 - -21)).
-30
What is the value of (15 - (12 - -4)) + 16?
15
Calculate (2 - 2) + -3 + -7 + -2.
-12
What is -4 - 5 - -10 - (1 - 11)?
11
Calculate -6 - (-3 - -4 - 12 - 8).
13
Evaluate -14 + 5 + (13 + -4 - -10).
10
Evaluate 0 + 8 + (4 + 12 + -2 - 11).
11
What is the value of (0 - -3) + 4 + -1 + 1?
7
-1132 + 1143 - (-1 - 17)
29
What is (1 - -3) + -3 + -132 + 128?
-3
Calculate -12 + (23 - 3) + -10.
-2
(-31 + 15 - -31) + -7 + 17
25
What is the value of 34 - ((3 - 1) + 12 + (14 - 19))?
25
-6 + 11 + -1 - ((-3 - -3) + -1)
5
What is the value of -24 + (2 - 6 - -8) + -3?
-23
-10 + -14 + 3 + 2
-19
What is 9 - (13 - 4 - (-5 - -4))?
-1
Calculate 18 + -25 + (13 - 0) - 15.
-9
(2 + (8 - 1) - 10) + -3 + 25
21
Calculate 0 + 9 + -3 + (5 + 1 - 5).
7
Calculate -4 + -18 + 14 + 12.
4
Calculate (-2 + 7 - -2) + -15 + -11.
-19
What is the value of (-8 - -12) + 0 + 18 + (-86 - -82)?
18
What is 1 - (-2 - 0 - -6) - (-1846 - -1846)?
-3
Calculate 25 - (5 + 52 + -21).
-11
What is the value of -10 + 2 + (-5 - 0) - (-3 + 2)?
-12
What is 142 - 139 - (-2 + 4)?
1
What is 34 - (2 - (30 + -52))?
10
What is -13 + (6 - 0) + -1 - 3?
-11
-11 - (-2 - (5 - (4 + -7 + 9)))
-10
Calculate (1 - 4) + (-29 + 27 - (-8 - 0)).
3
What is the value of 4 + (-7 - (-16 - -11 - -12))?
-10
-7 - -6 - (-1 + (2 - (30 + -3)))
25
Evaluate 15 + (-33 - (1 + -6)).
-13
Calculate -5 - -1 - (-8 - -2 - (-17 + 5)).
-10
Evaluate -2 - -1 - ((-3 - -17) + 0 - 12).
-3
What is the value of -62 + 23 - -26 - -11?
-2
What is the value of -12 + 30 + (-7 + 14 - 18)?
7
79 - 84 - (1 - 2 - 0 - -6)
-10
Calculate (3 - 1) + (17 - 15) + -12 + 7.
-1
Evaluate (10 - (2 - -11 - 0)) + -8.
-11
Calculate (1 + -13 + 7 - 6) + 11.
0
Calculate 33 + -12 + 15 + -14.
22
Calculate -12 + 6 + -6 + (-4 - -1).
-15
Calculate (29 - 6) + -10 - 3.
10
-3 - (-8 - (5 + 17 + -6 - 7))
14
17 + -7 + -7 - (23 + -35)
15
Calculate 11 + (-19 - -15) - 20.
-13
What is the value of -9 + 0 + -1 - (54 + (41 - 103))?
-2
What is 204 - 230 - (-25 - 2)?
1
Evaluate 6 - ((7 - (2 + 1) - 8) + 2).
8
What is (-22 - -25 - (-2 - -1)) + -2?
2
What is the value of (-19 - -6) + (4 + -4 - -4) - 5?
-14
What is (-10 - (0 + 3 + -15)) + -12?
-10
What is the value of (-3 - -47) + (-24 - -5)?
25
Evaluate 2 + -9 - (216 - 209).
-14
31 + 34 + -68 + 11
8
What is (-120 - -129) + 0 + -24?
-15
Calculate -20 + 3 + 14 + -1 + -1 + 16.
11
0 + (-7 - -1 - (-64 - -62))
-4
What is the value of 12 - (0 + 1 + -12 + 14)?
9
Calculate 2 + 4 - (42 - 36).
0
Calculate (11 - -9) + -8 + (4 - 5).
11
What is the value of 2 - (-13 + -1) - (28 + (-10 - 18))?
16
Evaluate -11 + 4 - (-3 - (1 + 7 + -8)).
-4
62 - 63 - (1 - 10) - 4
4
Calculate 3 + -4 - (-3 + -6 + 7).
1
What is the value of 2 - (0 + (-11 - -10))?
3
Evaluate 49 + -27 + -36 + (-2 - -1 - 0).
-15
What is the value of 1441 + -1470 + (1 - -21)?
-7
What is 24 - (30 + -11) - (-21 + -1 + 4)?
23
Evaluate -3 + 66 + -47 + (0 - 1 - 4).
11
Evaluate (-3 + 0 - -2) + -13 + 5 + 2.
-7
2 + -2 + (1 - -8)
9
Calculate -6 - (-3 + -10 + (2 - (4 + -4))).
5
Calculate 1 - (0 - -5) - 6.
-10
Evaluate -4 + 22 + -26 + 22 + 3.
17
What is the value of -5 + -17 + 12 + 3 + -5?
-12
What is 22 + -1 - (-128 + 144)?
5
Calculate -12 + 13 + -5 + (22 - -1).
19
Evaluate -1 - (-10 + (-2 - -23) - (-7 - -1)).
-18
What is 9 - (6 - (35 + -25))?
13
(0 + -11 - -3 - -8) + (0 - -1)
1
What is the value of 18 - (3 - 11 - (-1 - 17))?
8
What is the value of 12 + (-4 - -1 - (-20 + 60 + -47))?
16
Calculate -139 + 147 + (7 - 2 - 3).
10
Calculate 1 + 0 + 0 + 20 + -33.
-12
What is (4 + -7 + -3 - -18) + -7 + 3?
8
(-33 - -23) + (14 - (-6 + 4))
6
Calculate -3 - 0 - (-11 + 32 + -41) - 7.
10
What is 11 - (-23 - (-2 - 29))?
3
What is the value of 12 + (-4 - -18) + (36 - 25)?
37
What is -9 - (-3 + 1 + 10) - -5?
-12
What is -72 + 59 - (-36 + 11)?
12
What is the value of -24 - (-15 + -6) - -2?
-1
Evaluate -11 - (-1 + (-16 - -13)).
-7
Evaluate 0 + -1 - -18 - (1102 + -1100).
15
-2 + -7 + 83 + -79
-5
Evaluate -10 - (-24 + (-9 - -4) + 6).
13
-5 + 13 + (-9 - -3) + -10
-8
What is the value of -30 + (30 - 7) + (1 - 1)?
-7
What is the value of 27 - (-18 + (-9 - -7) + 15)?
32
What is 1 + 15 + -8 - (2 - -9 - 1)?
-2
Evaluate 31 - (-4 + (21 - 1) + (32 - 39)).
22
Calculate (-12 - -17) + -12 + (10 - 2).
1
What is the value of -4 + -1 + -1 + -2 + (-1 - 8)?
-17
What is (13 - 27) + 46 + -6 - -3?
29
1 + 10 - (-37 + 26)
22
Evaluate 14 + (-3 + -6 - ((-1 - -2) + -9)).
13
Evaluate (-33 - (-40 + 8)) + -14 + -1.
-16
Calculate (0 - -15) + (-5 - 2) + 6 - 1.
13
Calculate (-15 - 30) + 56 + -1 + -12.
-2
What is the value of 19 + (-41 - -9) + -2 + 22?
7
What is (-5 - 4) + -1 + (-5 - 3)?
-18
What is